{"id":552,"date":"2015-11-23T18:59:55","date_gmt":"2015-11-23T18:59:55","guid":{"rendered":"https:\/\/www.larvaledopeso.pt\/?page_id=552"},"modified":"2023-01-18T15:02:37","modified_gmt":"2023-01-18T15:02:37","slug":"plano-de-atividades","status":"publish","type":"page","link":"https:\/\/www.aatif-fortios.pt\/?page_id=552","title":{"rendered":"Plano de Atividades"},"content":{"rendered":"\n<div class=\"wp-block-group\"><div class=\"wp-block-group__inner-container is-layout-constrained wp-block-group-is-layout-constrained\">\n<div class=\"wp-block-columns is-layout-flex wp-container-core-columns-is-layout-9d6595d7 wp-block-columns-is-layout-flex\">\n<div class=\"wp-block-column is-layout-flow wp-block-column-is-layout-flow\"><\/div>\n<\/div>\n<\/div><\/div>\n\n\n\n<figure class=\"wp-block-table\"><table><tbody><tr><td><strong>M\u00eas<\/strong><\/td><td><strong>Atividade<\/strong><\/td><td><strong>Objetivos Gerais<\/strong><\/td><td><strong>Descri\u00e7\u00e3o da Atividade<\/strong><\/td><td><strong>Intervenientes<\/strong><\/td><td><strong>Recursos Materiais<\/strong><\/td><\/tr><tr><td><strong>Janeiro<\/strong><\/td><td><strong>Dia 6<\/strong> \u2013 Dia de Reis<\/td><td>Promover o conv\u00edvio intergeracional e as tradi\u00e7\u00f5es.<\/td><td>Cantar as Janeiras para os meninos do Infant\u00e1rio \u201cOs Traquinas\u201d e funcion\u00e1rias da AATIF<\/td><td>Idosos da AATIF, crian\u00e7as do infant\u00e1rio \u201cOs Traquinas\u201d, Animadora Sociocultural e colaboradores da institui\u00e7\u00e3o.<\/td><td>&nbsp;<\/td><\/tr><tr><td><strong>Fevereiro<\/strong><\/td><td><strong>Dia 13 <\/strong>\u2013 Dia Mundial da R\u00e1dio<\/td><td>Estimular a mem\u00f3ria (quando a r\u00e1dio era a principal forma de informa\u00e7\u00e3o)<\/td><td>Sess\u00e3o de Reminisc\u00eancia sobre a R\u00e1dio<\/td><td>Idosos da AATIF, Animadora Sociocultural e colaboradores da institui\u00e7\u00e3o.<\/td><td>&nbsp;<\/td><\/tr><tr><td><strong>Dia 14<\/strong> \u2013 Dia do Amor (Dia dos Namorados)<\/td><td>Relembrar a forma de namoro de antigamente, promover o conv\u00edvio e partilha de experi\u00eancias.<\/td><td>Escrever postais de \u201camor\u201d, relembrar a \u00e9poca em que se escrevia cartas de amor.<\/td><td>Idosos da AATIF e Animadora Sociocultural.<\/td><td>Postais e canetas.<\/td><\/tr><tr><td><strong>Dia 09<\/strong> \u2013 Carnaval<\/td><td>Promover o encontro intergeracional;&nbsp;\n<p>&nbsp;<\/p>\n<p>Estimular a criatividade.<\/p>\n<p>&nbsp;<\/p>\n<\/td><td>Realiza\u00e7\u00e3o de m\u00e1scaras e disfarces de Carnaval e desfile com as crian\u00e7as do infant\u00e1rio, pelos Fortios.<\/td><td>Idosos da AATIF, Animadora Sociocultural e colaboradores da institui\u00e7\u00e3o.<\/td><td>Cartolinas, tintas, pinc\u00e9is, cola, el\u00e1sticos, penas, purpurinas, sapatos e roupas antigas.<\/td><\/tr><tr><td><strong>Dia 28<\/strong> \u2013 Anivers\u00e1rio da AATIF<\/td><td>Promover o conv\u00edvio entre idosos e trabalhadores da AATIF.<\/td><td>Lanche comemorativo do anivers\u00e1rio da Institui\u00e7\u00e3o.<\/td><td>Idosos da AATIF, Animadora Sociocultural, t\u00e9cnicos e colaboradores da institui\u00e7\u00e3o e dire\u00e7\u00e3o.<\/td><td>Lanche<\/td><\/tr><tr><td><strong>Mar\u00e7o<\/strong><\/td><td><strong>Dia 19 <\/strong>\u2013 Dia do Pai<\/td><td>Estimular e desenvolver a criatividade.<\/td><td>Elabora\u00e7\u00e3o de uma lembran\u00e7a aos pais.<\/td><td>Idosos da AATIF, Animadora Sociocultural e colaboradores da institui\u00e7\u00e3o.<\/td><td>Tecidos, linhas, tesouras, colas, tintas e canetas.<\/td><\/tr><tr><td><strong>Dia 20<\/strong> \u2013 Dia da \u00c1rvore e Primavera<\/td><td>Promover o encontro intergeracional.<\/td><td>Planta\u00e7\u00e3o de uma \u00e1rvore, em conjunto com as crian\u00e7as do Infant\u00e1rio \u201cOs Traquinas\u201d.<\/td><td>Idosos da AATIF, crian\u00e7as do infant\u00e1rio \u201cOs Traquinas\u201d, Animadora Sociocultural e colaboradores da institui\u00e7\u00e3o.<\/td><td>\u00c1rvore, utens\u00edlios de jardinagem.<\/td><\/tr><tr><td><strong>Dia 27<\/strong> \u2013 P\u00e1scoa<\/td><td>Estimular e desenvolver a criatividade;&nbsp;\n<p>&nbsp;<\/p>\n<p>Promover o encontro intergeracional.<\/p>\n<\/td><td>Elaborar cestas da P\u00e1scoa e fazer uma \u201cca\u00e7a aos ovos da P\u00e1scoa\u201d junto com as crian\u00e7as do Infant\u00e1rio \u201cOs Traquinas\u201d<\/td><td>Idosos da AATIF, crian\u00e7as do infant\u00e1rio \u201cOs Traquinas\u201d, Animadora Sociocultural e colaboradores da institui\u00e7\u00e3o.<\/td><td>Cartolinas, tintas, colas, tesouras.<\/td><\/tr><tr><td><strong>Dia 27<\/strong> \u2013 Dia Mundial do Teatro<\/td><td>Estimular e desenvolver o di\u00e1logo, o conv\u00edvio e a intera\u00e7\u00e3o do grupo;&nbsp;\n<p>&nbsp;<\/p>\n<p>Estimular a criatividade.<\/p>\n<\/td><td>Elaborar uma pequena pe\u00e7a de teatro com os utentes.<\/td><td>Idosos da AATIF, Animadora Sociocultural e colaboradores da institui\u00e7\u00e3o.<\/td><td>Pequena pe\u00e7a de teatro e adere\u00e7os.<\/td><\/tr><tr><td><strong>Abril<\/strong><\/td><td>&nbsp;<\/td><td>&nbsp;<\/td><td>&nbsp;<\/td><td>&nbsp;<\/td><td>&nbsp;<\/td><\/tr><tr><td><strong>Dia 13<\/strong> \u2013 Dia do Beijo<\/td><td>Favorecer a intera\u00e7\u00e3o grupal;&nbsp;\n<p>&nbsp;<\/p>\n<p>Promover as rela\u00e7\u00f5es afectivas.<\/p>\n<\/td><td>Elabora\u00e7\u00e3o de postais onde se escreve o nome da pessoa (c\u00f4njuge, amigo, familiar) a quem se quer mandar beijos.<\/td><td>Idosos da AATIF, Animadora Sociocultural e colaboradores da institui\u00e7\u00e3o.<\/td><td>Cartolinas, tesouras e canetas.<\/td><\/tr><tr><td><strong>Dia 25 <\/strong>\u2013 Dia da Liberdade<\/td><td>Estimular a mem\u00f3ria;&nbsp;\n<p>&nbsp;<\/p>\n<p>Relembrar outros tempos;<\/p>\n<p>Estimular a criatividade e a motricidade fina.<\/p>\n<\/td><td>Sess\u00e3o de Reminisc\u00eancia \u201cOnde estava no \u201c25 de Abril de 1974?\u201d.&nbsp;\n<p>&nbsp;<\/p>\n<p>Elabora\u00e7\u00e3o de cravos vermelhos.<\/p>\n<\/td><td>Idosos da AATIF, Animadora Sociocultural e colaboradores da institui\u00e7\u00e3o.<\/td><td>Tesouras, moldes e papel crepe.<\/td><\/tr><tr><td><strong>Dia 28<\/strong> \u2013 Dia do Sorriso<\/td><td>Promover o bem-estar psicol\u00f3gico.<\/td><td>\u201cSorrir faz bem\u201d, praticar o sorriso.<\/td><td>Idosos da AATIF, Animadora Sociocultural e colaboradores da institui\u00e7\u00e3o.<\/td><td>&nbsp;<\/td><\/tr><tr><td><strong>Dia 29<\/strong> \u2013 Dia Mundial da Dan\u00e7a<\/td><td>Estimular a motricidade e destreza f\u00edsica.<\/td><td>Sess\u00e3o de Dan\u00e7a.<\/td><td>Idosos da AATIF, Animadora Sociocultural e colaboradores da institui\u00e7\u00e3o&nbsp;\n<p>&nbsp;<\/p>\n<p>&nbsp;<\/p>\n<\/td><td>&nbsp;<\/td><\/tr><tr><td><strong>Maio<\/strong><\/td><td><strong>Dia 1<\/strong> \u2013 Dia da M\u00e3e<\/td><td>Estimular e desenvolver a criatividade.<\/td><td>Elabora\u00e7\u00e3o de uma lembran\u00e7a do Dia da M\u00e3e.<\/td><td>Idosos da AATIF, Animadora Sociocultural e colaboradores da institui\u00e7\u00e3o.<\/td><td>Tecidos, linhas, tesouras, colas, tintas e canetas.<\/td><\/tr><tr><td><strong>Dia 15<\/strong> \u2013 Dia Internacional da Fam\u00edlia<\/td><td>Promover o encontro fam\u00edlia \u2013 utente \u2013 institui\u00e7\u00e3o.<\/td><td>Lanche-conv\u00edvio com os familiares, com partilha de experi\u00eancias.<\/td><td>Idosos da AATIF, Animadora Sociocultural e colaboradores da institui\u00e7\u00e3o e familiares.<\/td><td>Lanche.<\/td><\/tr><tr><td><strong>Dia 26<\/strong> \u2013 Dia Europeu dos Vizinhos<\/td><td>Estimular e desenvolver o di\u00e1logo, o conv\u00edvio e a intera\u00e7\u00e3o do grupo.<\/td><td>\u201cEu e os meus vizinhos&#8230;\u201d, sess\u00e3o\/debate sobre os vizinhos e a sua import\u00e2ncia.<\/td><td>Idosos da AATIF, Animadora Sociocultural e colaboradores da institui\u00e7\u00e3o e familiares.<\/td><td>&nbsp;<\/td><\/tr><tr><td><strong>Junho <\/strong><\/td><td><strong>Dia 1<\/strong> \u2013 Dia da Crian\u00e7a<\/td><td>Promover o encontro intergeracional;&nbsp;\n<p>&nbsp;<\/p>\n<p>Promover a motricidade.<\/p>\n<\/td><td>Tarde de jogos com as crian\u00e7as do infant\u00e1rio \u201cOs Traquinas\u201d.<\/td><td>Idosos da AATIF, crian\u00e7as do infant\u00e1rio \u201cOs Traquinas\u201d, Animadora Sociocultural e colaboradores da institui\u00e7\u00e3o.<\/td><td>&nbsp;<\/td><\/tr><tr><td><strong>Dia 10<\/strong> \u2013 Dia de Portugal<\/td><td>Estimular e desenvolver o di\u00e1logo, o conv\u00edvio e a intera\u00e7\u00e3o do grupo.<\/td><td>\u201cSer Portugu\u00eas\u201d, sess\u00e3o de debate sobre ser portugu\u00eas agora e as diferen\u00e7as para o antigamente.<\/td><td>Idosos da AATIF e Animadora Sociocultural.<\/td><td>&nbsp;<\/td><\/tr><tr><td><strong>Dia 24<\/strong> \u2013 Dia de S\u00e3o Jo\u00e3o<\/td><td>Promover o conv\u00edvio e partilha de saberes;&nbsp;\n<p>&nbsp;<\/p>\n<p>Estimular a criatividade.<\/p>\n<\/td><td>Almo\u00e7o de Sardinha Assada<\/td><td>Idosos da AATIF, Animadora Sociocultural, t\u00e9cnicos e colaboradores da institui\u00e7\u00e3o e dire\u00e7\u00e3o.<\/td><td>Arames, papel, tesouras e cola.<\/td><\/tr><tr><td><strong>Julho<\/strong><\/td><td><strong>Dia 26 \u2013 <\/strong>Comemora\u00e7\u00e3o do Dia dos Av\u00f3s<\/td><td>Promover o encontro intergeracional e a partilha de conhecimentos;&nbsp;\n<p>&nbsp;<\/p>\n<p>Fomentar a liga\u00e7\u00e3o do idoso \u00e0 fam\u00edlia.<\/p>\n<\/td><td>Lanche-conv\u00edvio e momentos de partilha.<\/td><td>Idosos da AATIF, Animadora Sociocultural e colaboradores da institui\u00e7\u00e3o e familiares.<\/td><td>Lanche.<\/td><\/tr><tr><td><strong>Dia 30 \u2013 <\/strong>Dia Internacional do Amigo<\/td><td>Estimular e desenvolver o di\u00e1logo, o conv\u00edvio e a intera\u00e7\u00e3o do grupo;&nbsp;\n<p>&nbsp;<\/p>\n<p>Promover o gosto pela leitura;<\/p>\n<p>Desenvolver e estimular a criatividade.<\/p>\n<\/td><td>Leitura de poemas sobre a amizade;&nbsp;\n<p>&nbsp;<\/p>\n<p>Elabora\u00e7\u00e3o de quadras ou pequenos textos sobre a amizade.<\/p>\n<\/td><td>Idosos da AATIF, Animadora Sociocultural e colaboradores da institui\u00e7\u00e3o.<\/td><td>Poemas;&nbsp;\n<p>&nbsp;<\/p>\n<p>Papel e canetas.<\/p>\n<\/td><\/tr><tr><td><strong>Agosto<\/strong><\/td><td><strong>Dia 19 \u2013 <\/strong>Dia Mundial da Fotografia<\/td><td>Relembrar o antigamente (modo como as fotografias eram tiradas, em que ocasi\u00f5es, os trajes que se usavam).<\/td><td>Recolha e visualiza\u00e7\u00e3o de fotografias antigas e recentes;&nbsp;\n<p>&nbsp;<\/p>\n<p>Conversa sobre a evolu\u00e7\u00e3o da fotografia.<\/p>\n<\/td><td>Idosos da AATIF, Animadora Sociocultural e colaboradores da institui\u00e7\u00e3o.<\/td><td>Fotografias de diferentes \u00e9pocas e diversas m\u00e1quinas fotogr\u00e1ficas.<\/td><\/tr><tr><td><strong>Dia 22 \u2013 <\/strong>Dia do Folclore<\/td><td>Despertar o idoso para um tipo de m\u00fasica tradicional portugu\u00eas.<\/td><td>Visionamento de filmes de atua\u00e7\u00f5es de grupos de folclore.<\/td><td>Idosos da AATIF, Animadora Sociocultural e colaboradores da institui\u00e7\u00e3o.<\/td><td>Dvd\u2019s<\/td><\/tr><tr><td><strong>Setembro<\/strong><\/td><td><strong>Dia 22 \u2013 <\/strong>Dia Mundial da Pessoa com Doen\u00e7a de Alzheimer<\/td><td>Fornecer informa\u00e7\u00e3o b\u00e1sica sobre o tema;&nbsp;\n<p>&nbsp;<\/p>\n<p>Promover a sa\u00fade e prevenir doen\u00e7as;<\/p>\n<p>Fomentar e discutir ideias e opini\u00f5es.<\/p>\n<\/td><td>Sess\u00e3o de esclarecimento sobre a Doen\u00e7a de Alzheimer com o visionamento de filmes sobre o assunto e debate com profissionais de sa\u00fade<\/td><td>Idosos da AATIF, Animadora Sociocultural e colaboradores da institui\u00e7\u00e3o.<\/td><td>Dvd\u2019s<\/td><\/tr><tr><td><strong>Dia 26 \u2013 <\/strong>Dia mundial do Cora\u00e7\u00e3o<\/td><td>Promover a atividade f\u00edsica e h\u00e1bitos de vida saud\u00e1veis.<\/td><td>Passeio no exterior da institui\u00e7\u00e3o e diversas atividades f\u00edsicas ao longo do dia.<\/td><td>Idosos da AATIF, Animadora Sociocultural e colaboradores da institui\u00e7\u00e3o.<\/td><td>&nbsp;<\/td><\/tr><tr><td><strong>Outubro<\/strong><\/td><td><strong>Dia 1 \u2013 <\/strong>Comemora\u00e7\u00e3o do Dia do Idoso<\/td><td>Favorecer a intera\u00e7\u00e3o grupal<\/td><td>Realiza\u00e7\u00e3o de um interc\u00e2mbio com outra institui\u00e7\u00e3o.<\/td><td>Idosos da AATIF, Animadora Sociocultural e colaboradores da institui\u00e7\u00e3o.&nbsp;\n<p>&nbsp;<\/p>\n<p>&nbsp;<\/p>\n<\/td><td>Meio de transporte<\/td><\/tr><tr><td><strong>Dia 4<\/strong> \u2013 Dia Mundial do Animal<\/td><td>Desenvolver e estimular a criatividade.<\/td><td>Elabora\u00e7\u00e3o de animais com diversos materiais.<\/td><td>Idosos da AATIF, Animadora Sociocultural e colaboradores da institui\u00e7\u00e3o.<\/td><td>Tecidos, linhas, tesouras, colas, tintas e canetas.<\/td><\/tr><tr><td><strong>Dia 16 \u2013 <\/strong>Dia Mundial da Alimenta\u00e7\u00e3o<\/td><td>Promover a sa\u00fade e o bem-estar.<\/td><td>Elabora\u00e7\u00e3o de uma receita pelos utentes<\/td><td>Idosos da AATIF, Animadora Sociocultural e colaboradores da institui\u00e7\u00e3o.<\/td><td>Cozinha<\/td><\/tr><tr><td><strong>Novembro<\/strong><\/td><td><strong>Dia 11 \u2013 <\/strong>S\u00e3o Martinho<\/td><td>Promover o conv\u00edvio entre os idosos e a fam\u00edlia<\/td><td>Realiza\u00e7\u00e3o de um magusto<\/td><td>Idosos da AATIF, Animadora Sociocultural e colaboradores da institui\u00e7\u00e3o.<\/td><td>Castanhas, assadores, lanche.<\/td><\/tr><tr><td><strong>Dia 14 \u2013 <\/strong>Dia Mundial da Diabetes<\/td><td>Promover a sa\u00fade e o bem-estar;&nbsp;\n<p>&nbsp;<\/p>\n<p>Prevenir a doen\u00e7a.<\/p>\n<\/td><td>Realiza\u00e7\u00e3o de palestra sobre o assunto.<\/td><td>Idosos da AATIF, Animadora Sociocultural e colaboradores da institui\u00e7\u00e3o.<\/td><td>&nbsp;<\/td><\/tr><tr><td><strong>Dezembro<\/strong>&nbsp;\n<p>&nbsp;<\/p>\n<p><strong>&nbsp;<\/strong><\/p>\n<\/td><td>Comemora\u00e7\u00e3o do Natal<\/td><td>Promover o conv\u00edvio entre idosos e fam\u00edlia.<\/td><td>Realiza\u00e7\u00e3o de lanche de Natal.<\/td><td>Idosos da AATIF, Animadora Sociocultural e colaboradores da institui\u00e7\u00e3o.<\/td><td>&nbsp;<\/td><\/tr><\/tbody><\/table><\/figure>\n","protected":false},"excerpt":{"rendered":"<p>M\u00eas Atividade Objetivos Gerais Descri\u00e7\u00e3o da Atividade Intervenientes Recursos Materiais Janeiro Dia 6 \u2013 Dia de Reis Promover o conv\u00edvio intergeracional e as tradi\u00e7\u00f5es. Cantar as Janeiras para os meninos do Infant\u00e1rio \u201cOs Traquinas\u201d e funcion\u00e1rias da AATIF Idosos da AATIF, crian\u00e7as do infant\u00e1rio \u201cOs Traquinas\u201d, Animadora Sociocultural e colaboradores da institui\u00e7\u00e3o. &nbsp; Fevereiro Dia 13 \u2013 Dia Mundial da [&hellip;]<\/p>\n","protected":false},"author":3,"featured_media":0,"parent":550,"menu_order":0,"comment_status":"closed","ping_status":"closed","template":"","meta":{"ngg_post_thumbnail":0,"footnotes":""},"class_list":["post-552","page","type-page","status-publish","hentry"],"_links":{"self":[{"href":"https:\/\/www.aatif-fortios.pt\/index.php?rest_route=\/wp\/v2\/pages\/552","targetHints":{"allow":["GET"]}}],"collection":[{"href":"https:\/\/www.aatif-fortios.pt\/index.php?rest_route=\/wp\/v2\/pages"}],"about":[{"href":"https:\/\/www.aatif-fortios.pt\/index.php?rest_route=\/wp\/v2\/types\/page"}],"author":[{"embeddable":true,"href":"https:\/\/www.aatif-fortios.pt\/index.php?rest_route=\/wp\/v2\/users\/3"}],"replies":[{"embeddable":true,"href":"https:\/\/www.aatif-fortios.pt\/index.php?rest_route=%2Fwp%2Fv2%2Fcomments&post=552"}],"version-history":[{"count":5,"href":"https:\/\/www.aatif-fortios.pt\/index.php?rest_route=\/wp\/v2\/pages\/552\/revisions"}],"predecessor-version":[{"id":1538,"href":"https:\/\/www.aatif-fortios.pt\/index.php?rest_route=\/wp\/v2\/pages\/552\/revisions\/1538"}],"up":[{"embeddable":true,"href":"https:\/\/www.aatif-fortios.pt\/index.php?rest_route=\/wp\/v2\/pages\/550"}],"wp:attachment":[{"href":"https:\/\/www.aatif-fortios.pt\/index.php?rest_route=%2Fwp%2Fv2%2Fmedia&parent=552"}],"curies":[{"name":"wp","href":"https:\/\/api.w.org\/{rel}","templated":true}]}}